-2)?
-563
Let n(x) = x**3 + 336*x**2 + 27200*x + 30. Determine n(-200).
30
Let m(r) = 57*r**3 - 5*r**2 - 24*r + 63. Determine m(2).
451
Let d(k) = 6*k**3 + 184*k**2 + 27*k + 2883. Calculate d(-31).
124
Let l(x) = 22*x**3 - 3910*x**2 - 1067*x - 159. Give l(178).
19
Let w(g) = g**3 + 6*g**2 - 14*g - 10. Calculate w(-9).
-127
Let j(s) = -6*s**2 + 295*s - 3427. What is j(32)?
-131
Let x(c) = 18*c**2 + 1506*c - 7514. Give x(5).
466
Let n(c) = -8*c**2 + 7414*c - 51993. Give n(7).
-487
Let z(f) = 1894*f + 488656. Determine z(-258).
4
Let u(l) = l**3 + 500*l**2 - 938*l - 218628. Determine u(-501).
309
Let i(j) = 452525*j + 10408078. Give i(-23).
3
Let k(r) = r**2 + 2213*r - 67283. What is k(30)?
7
Let x(l) = 22*l**3 - 15665*l**2 + 724*l - 8538. What is x(712)?
6
Let c(h) = -8*h**2 + 1120*h - 21895. What is c(23)?
-367
Let w(a) = -2*a**2 + 2784*a - 92356. Determine w(34).
-12
Let f(b) = 507*b + 4974. What is f(-5)?
2439
Let p(j) = 1076*j**2 + 11852*j + 141. Calculate p(-11).
-35
Let t(k) = -k**3 + 5*k**2 + 44*k - 115. Calculate t(13).
-895
Let z(f) = 12*f**2 - 209*f + 877. Give z(9).
-32
Let h(s) = -s**3 - 31*s**2 + 65*s + 1401. Calculate h(-30).
-1449
Let h(r) = 1941327*r - 7765306. Determine h(4).
2
Let c(k) = -869*k + 11739. Calculate c(15).
-1296
Let l(h) = 62*h**3 - 2*h**2 - 5281*h - 5279. Determine l(-1).
-62
Let s(y) = y**3 + 405*y**2 - 7595*y - 347. What is s(18)?
-5
Let p(i) = 35*i**2 - 1904*i - 7657. Calculate p(-4).
519
Let f(o) = o**3 - 59*o**2 - 4395*o + 861. Give f(102).
-57
Let s(r) = 23*r**2 - 20*r + 869. What is s(0)?
869
Let h(j) = -13*j + 145. Determine h(13).
-24
Let w(j) = 98*j**2 + 250*j + 248. Calculate w(-1).
96
Let o(c) = 35*c**2 - 3262*c + 19577. Give o(6).
1265
Let x(d) = -765*d**3 - 6*d**2 + 26*d + 28. Determine x(-1).
761
Let i(d) = -74719*d - 448272. Determine i(-6).
42
Let s(q) = -251*q + 5185. Give s(21).
-86
Let t(y) = -8804*y + 572124. Determine t(65).
-136
Let d(o) = -952*o - 10493. Give d(-11).
-21
Let f(t) = t**3 - 91*t**2 + 188*t - 922. Calculate f(89).
-32
Let l(k) = -988*k - 1837. What is l(-2)?
139
Let o(s) = 326*s + 5181. Calculate o(-16).
-35
Let l(u) = -3*u**3 - 98*u**2 + 592*u + 11. Give l(6).
-613
Let n(m) = 12393*m + 71859. Give n(-6).
-2499
Let d(l) = l**3 - 18*l**2 - 2338*l + 46262. Calculate d(20).
302
Let w(c) = c**3 + 571*c**2 + 3449*c + 362. Give w(-6).
8
Let i(r) = 215*r**2 - 1175*r - 2354. Determine i(-2).
856
Let a(x) = 87503*x + 787526. Give a(-9).
-1
Let p(h) = -h**3 - 15*h**2 - 9565*h - 193298. Determine p(-20).
2
Let f(k) = 4*k**2 - 329*k - 675. What is f(84)?
-87
Let g(j) = -780220*j - 5461535. What is g(-7)?
5
Let k(r) = -3*r**2 + 953*r + 2851. Give k(-3).
-35
Let w(b) = 26*b**2 + 393*b + 1939. Calculate w(-5).
624
Let u(d) = 1347*d - 169771. What is u(126)?
-49
Let a(n) = -17*n**3 + 255*n**2 - 94*n + 1751. Calculate a(15).
341
Let f(i) = 385*i**2 - 589*i - 587. Give f(-1).
387
Let z(c) = 25*c**3 - 109*c**2 - 84*c + 24. What is z(-1)?
-26
Let y(u) = u**3 + 29*u**2 + 75*u + 1008. What is y(-28)?
-308
Let a(c) = -c**2 + 5280*c - 52697. Give a(10).
3
Let j(t) = 432*t**2 + 340*t - 4911. Determine j(3).
-3
Let s(h) = 2*h**3 - 211*h**2 + 169*h - 4594. Calculate s(105).
2126
Let d(a) = 456*a + 436. Calculate d(-1).
-20
Let x(d) = d**2 + 3141*d - 18812. Give x(6).
70
Let l(f) = -15*f**2 - 4388*f - 19642. What is l(-288)?
-58
Let b(k) = -149*k + 11472. Give b(74).
446
Let u(h) = -h**3 + 250*h**2 - 247*h - 41. Calculate u(249).
457
Let h(s) = 290*s**2 - 647*s + 126. Determine h(2).
-8
Let s(u) = -u**3 - 79*u**2 - 779*u - 10. Calculate s(-11).
331
Let m(g) = -256*g**2 + 383*g - 24. What is m(2)?
-282
Let z(l) = 9234*l - 7895064. Determine z(855).
6
Let m(u) = -20*u**2 - 29*u + 16. Calculate m(1).
-33
Let w(r) = -r**2 + 60*r + 13334. What is w(153)?
-895
Let s(f) = 20*f**3 - 240*f**2 - 933*f - 4. What is s(-4)?
-1392
Let v(p) = 30*p**3 - 7*p**2 - 24*p + 206. What is v(5)?
3661
Let p(a) = 18997*a - 8833557. What is p(465)?
48
Let y(a) = -a**3 + 12*a**2 + 128245*a - 1282645. Determine y(10).
5
Let c(p) = -662*p + 66147. What is c(100)?
-53
Let h(w) = -15*w**2 + 20*w + 11478. Determine h(-27).
3
Let c(f) = -1984*f + 50206. Calculate c(25).
606
Let h(s) = -2*s**2 + 1483*s - 33053. What is h(23)?
-2
Let m(u) = 5*u**3 - 37*u**2 + 3102*u - 25012. Determine m(8).
-4
Let u(l) = -l**3 + 69*l**2 + 443*l - 21. What is u(75)?
-546
Let m(s) = s**3 + 24*s**2 + 75*s - 150. Determine m(-7).
158
Let x(l) = 50*l**2 - 7849*l + 38008. Calculate x(5).
13
Let t(i) = -i**3 + 66*i**2 + 175*i + 141. What is t(68)?
2793
Let b(k) = 95*k**2 - 3447*k - 3460. Give b(-1).
82
Let q(o) = -717*o - 5040. Give q(-8).
696
Let f(s) = -97280*s - 681426. Determine f(-7).
-466
Let s(r) = -1883*r + 33515. Give s(18).
-379
Let s(u) = 4*u**2 - 2330*u + 14021. Determine s(6).
185
Let j(u) = 1513*u + 4475. Determine j(-3).
-64
Let j(g) = g**3 - 43*g**2 - 134*g + 74. Calculate j(46).
258
Let a(h) = -h**3 + 4*h**2 - 1998*h + 8001. Determine a(4).
9
Let g(j) = -3*j**2 - 814*j + 14763. Calculate g(17).
58
Let v(b) = 3*b**2 - 1565*b + 1527. Give v(0).
1527
Let h(g) = -g**3 + 38*g**2 + g - 2817. Determine h(10).
-7
Let h(c) = -9*c**2 + 2272*c + 22547. Calculate h(262).
15
Let z(s) = 265*s**3 + 145750*s**2 - 11*s - 6056. Calculate z(-550).
-6
Let k(i) = 120100*i + 360303. Calculate k(-3).
3
Let q(g) = -g**3 - 9*g**2 + 12*g + 191. Give q(-6).
11
Let g(d) = -4*d - 1380. Determine g(-126).
-876
Let l(j) = -51*j**3 + 14280*j**2 - 14*j + 3872. Calculate l(280).
-48
Let j(c) = -5*c**2 + 3584*c - 69016. What is j(697)?
-13
Let i(x) = x**2 - 9327*x - 809712. Give i(-86).
-194
Let a(b) = -1769*b**2 + 17684*b + 29. Calculate a(10).
-31
Let b(t) = -t**2 + 5453*t - 5452. Give b(1).
0
Let k(c) = 92*c - 6793. Determine k(81).
659
Let c(a) = 24161*a + 120702. What is c(-5)?
-103
Let a(n) = 1097*n - 7767. Give a(7).
-88
Let j(w) = -8*w**2 - 217*w - 2476. Determine j(-11).
-1057
Let q(j) = -4737*j + 66325. What is q(14)?
7
Let w(h) = -6*h - 1473. Give w(-157).
-531
Let y(k) = -22826*k + 159772. Calculate y(7).
-10
Let z(t) = -t**2 - 3787*t + 226529. Determine z(59).
-385
Let u(o) = 2*o**3 + 122*o**2 - 331*o - 19796. Give u(-61).
395
Let v(g) = 2*g**3 - 54*g**2 + 61*g - 1454. Determine v(26).
-1220
Let p(g) = -g**3 - 60*g**2 - 538*g + 99. What is p(-49)?
50
Let u(j) = 5*j**2 - 26*j - 39929. Give u(92).
-1
Let q(c) = -c**3 + 208*c**2 - 10525*c - 107. Determine q(87).
67
Let g(v) = v**3 - 68*v**2 + 1205*v - 1954. What is g(26)?
984
Let b(k) = -11098*k + 233062. Calculate b(21).
4
Let b(k) = -3*k**3 - 1216*k**2 - 1618*k - 927. What is b(-404)?
-119
Let u(n) = -n**3 - 12*n + 129. Determine u(-10).
1249
Let x(s) = 13383*s + 120449. Determine x(-9).
2
Let b(u) = 1288*u + 7099. Give b(-6).
-629
Let z(l) = 540*l - 26550. Give z(49).
-90
Let t(c) = 55*c**2 + 1099*c + 1342. Give t(-19).
316
Let h(l) = 122*l**2 - 1835*l - 83. Determine h(15).
-158
Let h(l) = l**3 - 26*l**2 - 461*l - 809. Give h(39).
985
Let y(j) = -j**3 - 514*j**2 + 2424*j - 88720. What is y(-519)?
29
Let s(b) = 267003*b - 1068007. Calculate s(4).
5
Let c(u) = 7*u**2 + 434*u + 10003. What is c(-41)?
3976
Let f(t) = t**2 - 8612*t + 240328. Determine f(28).
-24
Let q(p) = 26*p**3 + 34*p**2 + 34*p + 23. Give q(-1).
-3
Let j(y) = y**3 + 22*y**2 + 362*y + 7089. Calculate j(-21).
-72
Let f(j) = -26116*j + 156550. Determine f(6).
-146
Let z(j) = j**2 + 30*j - 20. Determine z(0).
-20
Let b(w) = 775*w**2 + 5316*w - 107. Determine b(-7).
656
Let y(o) = -o**3 - 27*o**2 - 184*o - 7055. Calculate y(-29).
-37
Let v(d) = -8804*d + 1074148. Give v(122).
60
Let n(a) = a**3 + 894*a**2 + 29245*a + 124. Calculate n(-34).
-46
Let n(m) = 14*m**3 - 33*m**2 + 124*m + 16. What is n(4)?
880
Let a(p) = -p**3 + 41*p**2 + 144*p + 159. What is a(45)?
-1461
Let x(j) = -18*j**3 - 16*j**2 - 79*j - 60. Determine x(-4).
1152
Let v(u) = -2*u**3 - 16*u**2 + 775*u + 6001. Calculate v(-8).
-199
Let z(p) = 3850*p - 924004. Determine z(240).
-4
Let v(f) = 3273*f - 1479399. Calculate v(452).
-3
Let x(w) = 112*w - 2033. Calculate x(12).
-689
Let a(s) = s**3 + 2*s**2 - 1091*s + 199. What is a(32)?
103
Let v(y) = 27*y**3 - 13*y**2 - 5*y + 28. Determine v(0).
28
Let b(a) = 27*a**2 + 3444*a - 14214. Give b(4).
-6
Let n(f) = -2*f**3 - 39*f**2 + 272*f - 111. Ca